n divisor of o and 8?
8
Suppose -c + t = 0, 2*c + t = -t + 12. Let f(n) = 0*n**3 - n**2 + 8 + n**c - n**3 + n**3. Let g be f(0). What is the highest common divisor of 1 and g?
1
Suppose -1 = v - 4. Let w be (64/5)/4 - 3/15. Calculate the highest common factor of w and v.
3
Let l(v) = -7*v + 3. Let x be l(-6). Let a be (-4)/(2/(-1*2)). Suppose 4*g - a*d = -0*d + 72, -3*d + 54 = 3*g. Calculate the greatest common divisor of g and x.
9
Let q(i) = 14*i. Let n be q(5). Calculate the greatest common factor of 14 and n.
14
Let b be (2/(-2) + 1)/2. Suppose -5*n - 1 = -c - b, 3*c - 4*n - 47 = 0. What is the highest common divisor of 3 and c?
3
Let f = -69 + 104. Let x be ((-15)/9)/((-1)/3). Calculate the greatest common factor of x and f.
5
Suppose 0 = -0*k + 5*k - 20. Suppose 0 = -0*z - k*z + 12. What is the highest common factor of z and 3?
3
Suppose 0 = -8*h + 2*h + 264. What is the highest common factor of 66 and h?
22
Let p = 29 - 9. What is the highest common factor of 50 and p?
10
Suppose -326 - 54 = -4*t. Calculate the greatest common factor of 38 and t.
19
Suppose -5*l = 5*d + 20, 2*d + 5*l + 8 = 2*l. Let s = d + 4. Suppose s = 5*h - 445 + 175. What is the greatest common divisor of 6 and h?
6
Let m be (132/165)/(1/(-20)*-1). Calculate the greatest common divisor of 88 and m.
8
Let p be -1 + 3*(-181)/(-3). Suppose 0 = 2*b - 0*t + 3*t + 107, -210 = 4*b + 2*t. Let s = -34 - b. What is the greatest common factor of s and p?
18
Let i = 26 + -59. Let k = i + 129. What is the highest common divisor of 12 and k?
12
Let m(y) = 30*y - 4. Let z be m(-10). Let n = 447 + z. Let k = -21 - -34. What is the greatest common factor of k and n?
13
Suppose 4*w - 2*f = 52, -3*w + 5*f + 8 = -31. What is the greatest common divisor of w and 117?
13
Let a = 17 + 11. Calculate the highest common divisor of 21 and a.
7
Suppose -10 + 82 = 4*b. Suppose 2*f - 22 - b = 0. Calculate the greatest common divisor of f and 10.
10
Suppose -2*o + 4*o - 28 = 0. What is the greatest common factor of o and 56?
14
Let l(j) = j - 12. Let u be l(6). Let t = 14 + u. Let f be -2*(-1)/((-2)/(-4)). What is the highest common divisor of f and t?
4
Suppose 3 = 5*j - 2*v, -2*j - 1 = -2*v - 7. Let d(b) = -3*b + 1. Let z be d(j). Suppose 33 = z*r - 107. What is the greatest common divisor of r and 7?
7
Let u = 24 + 20. What is the highest common divisor of u and 22?
22
Suppose 3*w = -4 + 31. What is the highest common divisor of 6 and w?
3
Let z(b) = -2*b - 9. Let v be z(-6). Suppose -2*h - 3*h + 15 = 0. Suppose 0 = -3*l + v, h*g - 44 = l - 9. What is the highest common divisor of 60 and g?
12
Suppose -x + 236 = f, 0*x = -2*x - 4. Calculate the greatest common factor of f and 14.
14
Let c(z) = -3 + 0*z**2 - 3*z + z**2 - 3 + z. Let x be c(-6). Let w be (-4 - 1)*x/(-15). What is the highest common factor of w and 14?
14
Let p be (-1 - -2)/(1/117). Let t(z) = 21*z - 113. Let a be t(6). Calculate the highest common divisor of a and p.
13
Suppose -4 = -0*p - p. Suppose 57 = o + 5*h, -o - h + p*h = -89. What is the greatest common divisor of 11 and o?
11
Suppose 7 = n + 3. Suppose -t + 5*q = 4*t - 30, 0 = -t + n*q. Calculate the greatest common divisor of t and 4.
4
Let d(c) = 28*c**2 + 3*c - 1. Let i be d(1). Calculate the highest common factor of i and 10.
10
Let p(t) = -4 - 3 - 4*t**2 - 3*t + 5. Let n be p(-2). Let k = n + 19. What is the greatest common factor of 28 and k?
7
Let t = -5 + 10. Suppose 0 = x - t*x + 28. What is the greatest common factor of x and 56?
7
Suppose -12*i + 9*i = -432. Calculate the greatest common factor of 48 and i.
48
Suppose -3*q = -n - 3, 3*n + 7 + 2 = -4*q. Suppose 25 = -5*t, -4*t + q*t = -4*z + 76. What is the highest common divisor of z and 126?
14
Let o be 87/27 + 10/(-45). Let l be (-12)/15*-15*1. Calculate the greatest common factor of l and o.
3
Let y(o) = 6*o**3 - 3*o**2 + 3*o - 2. Let i be y(2). Let n(m) = -m**3 - 11*m**2 - 8*m + 30. Let k be n(-10). What is the greatest common factor of i and k?
10
Let t be 107/(-7) - 2/(-7). Let c = 30 - t. What is the highest common factor of 18 and c?
9
Let o(p) = p - 5. Let n be o(7). Let z = 14 + -4. What is the greatest common divisor of z and n?
2
Let q be 152/(-6)*(-30)/10. Calculate the highest common divisor of q and 19.
19
Suppose -3*k = -3*f + 315, -8 = -k - k. Let a = 259 - f. What is the greatest common factor of a and 60?
30
Let k(g) = 3*g**2 - 2. Let n be k(2). What is the highest common divisor of 20 and n?
10
Let o(z) = -3*z + 5. Let q be o(-3). Let h(n) = -n - 7. Let g be h(9). Let y be (-2)/(-1) - g*6. Calculate the highest common divisor of q and y.
14
Let d(h) = -3*h + 56. Let u be d(0). What is the greatest common factor of 28 and u?
28
Let w = -22 + 38. Suppose 4*l + 0*l - 5*o - 183 = 0, 25 = 5*o. Suppose 0 = -5*z + 6*z - 4*a - 8, -2*a + l = 3*z. What is the greatest common divisor of w and z?
16
Let q be (3 - 1) + 3 + -1. Suppose q*i - 962 - 466 = 0. Suppose 5*v = -4*f + i, 5*f = 4*v - 7*v + 443. What is the highest common divisor of f and 11?
11
Suppose -2*q = 4*t - 22, 5*t - 17 = 8. Calculate the highest common divisor of 2 and q.
1
Let j = -4 + 6. Suppose -21 = -3*z + 3*d, -2*z - 2*z - 5*d = -55. Calculate the highest common divisor of j and z.
2
Suppose 0 = 2*w - 257 + 37. Suppose 3*m - 28 = 2. What is the highest common factor of m and w?
10
Let a = 386 - 249. Let v = a - 60. Let z = v + -42. What is the highest common divisor of z and 14?
7
Suppose 0 = 2*z - 6*z + 2*p + 796, 2*z = 3*p + 394. What is the highest common factor of z and 50?
50
Suppose 52 + 18 = 5*h. Suppose 300 = -9*x + 11*x. Suppose 2*v - x - 130 = 0. Calculate the greatest common divisor of h and v.
14
Suppose 0 = 4*b + 3*o - 813, 0 = 3*b + o - 600 - 16. Calculate the highest common factor of 23 and b.
23
Suppose -d - 3*i + 27 = 0, -2*d + 2*i + 42 = 5*i. Calculate the highest common factor of 75 and d.
15
Let r = 6 - 5. Suppose -65 = -4*g - r. What is the highest common factor of g and 24?
8
Let s(p) be the third derivative of -p**4/24 + 4*p**3/3 + 2*p**2. Let a be s(-7). Calculate the highest common factor of a and 60.
15
Let k(l) be the third derivative of -l**6/120 - l**5/12 - 5*l**4/24 + l**3/6 + 4*l**2. Let r be k(-4). Calculate the greatest common factor of r and 15.
5
Let v be (-450)/(-8) - ((-13)/(-4) - 3). Calculate the highest common divisor of 8 and v.
8
Let x(o) be the second derivative of o**4/2 + o**3/2 + 3*o**2/2 + o. Let q be x(-2). What is the highest common factor of q and 63?
21
Let o be (-61 + -1)*1/(-2). Suppose 3*l + 0*l - 153 = 0. Let i = l - o. What is the highest common factor of 8 and i?
4
Let u = 14 + -2. Suppose p + 34 = 166. Calculate the greatest common divisor of p and u.
12
Let j(w) = -w**2 - 19*w - 8. Let a be j(-8). Suppose 0 = 3*s - 8*s + 80. What is the highest common factor of s and a?
16
Suppose -4*b - 2*v = -4*v - 22, -b + 4*v = -23. Suppose -4*y + 2*n = 4*n - 282, -2*y + b*n + 153 = 0. What is the greatest common divisor of 48 and y?
24
Let n(i) = -3*i + 12. Let h be n(-5). Let q = 9 + h. What is the highest common divisor of q and 12?
12
Suppose 128 = 4*r - 16. Calculate the highest common divisor of r and 18.
18
Suppose 2*h + 2*o - 40 = o, 5*o = -5*h + 110. Calculate the highest common factor of h and 198.
18
Let n = 6 + -6. Suppose 5*g + 3*l - 93 = n, -2*g - 5*l + 16 + 25 = 0. What is the greatest common factor of 72 and g?
18
Let n(t) = 2*t**2 - 2*t + 4. Let i = -4 + 10. Let m be n(i). What is the greatest common factor of 8 and m?
8
Suppose -3*f + 4*f = 7. Suppose 5*d - f = -2, -5*m - 2*d = -122. Calculate the highest common divisor of 6 and m.
6
Let a be (-4 - (-15 - -2))*4. Calculate the highest common divisor of a and 48.
12
Let a(m) = -m**2 - 2*m - 3. Let y be a(-5). Let p be (-2)/2*(-16)/(-2). Let n = p - y. What is the highest common divisor of n and 15?
5
Let i = 35 + 1. Calculate the highest common divisor of 9 and i.
9
Suppose -4*s = 0, -2*n - s + 12 = 2*n. What is the highest common divisor of 33 and n?
3
Let v be (13/(-2))/((-1)/2). Let q be (-1)/3 + v/3. What is the highest common factor of 1 and q?
1
Suppose 4*x - 30 = 3*x. Let l = 22 + -41. Let a = l + 29. What is the greatest common factor of x and a?
10
Let g be 29/5 - ((-21)/5 - -4). What is the highest common 